{"id":7304,"date":"2023-02-08T17:15:53","date_gmt":"2023-02-08T17:15:53","guid":{"rendered":"https:\/\/trema.cl\/dental\/producto\/protector-facial-con-lentes\/"},"modified":"2026-03-16T11:43:17","modified_gmt":"2026-03-16T14:43:17","slug":"protector-facial-con-lentes","status":"publish","type":"product","link":"https:\/\/trema.cl\/dental\/producto\/protector-facial-con-lentes\/","title":{"rendered":"Protector Facial Con Marco de Soporte."},"content":{"rendered":"<p style=\"text-align: justify\">Estas gafas de protecci\u00f3n facial poseen un escudo transparente, que no afectar tu vista.<\/p>\n<p style=\"text-align: justify\">Puede usarse incluso si usted utiliza lentes.<\/p>\n<p style=\"text-align: justify\">Puedes usarlo para hacer tratamientos de belleza, trabajo dental, atenci\u00f3n a p\u00fablico expuesto a infecciones, o uso personal diario, etc.<\/p>\n<p style=\"text-align: justify\">Confeccionado en ABS de alta dureza, las gafas y la pantalla de protecci\u00f3n son de larga duraci\u00f3n PET.<\/p>\n<p style=\"text-align: justify\">El acrilonitrilo butadieno estireno o ABS por sus siglas en ingl\u00e9s (Acrylonitrile Butadiene Styrene) es un termopl\u00e1stico muy resistente al impacto (golpes) muy utilizado en f\u00e1bricas de autom\u00f3viles y otros usos tanto industriales, m\u00e9dicos como dom\u00f3sticos.<\/p>\n<p style=\"text-align: justify\">PET: El tereftalato de polietileno, politereftalato de etileno, polietilenotereftalato o polietileno tereftalato (m\u00e1s conocido por sus siglas en ingl\u00e9s PET, polyethylene terephthalate), es un tipo de pl\u00e1stico muy usado en envases de bebidas y textiles de alta transparencia y larga vida. Compacto y ligero, f\u00e1cil.<\/p>\n","protected":false},"excerpt":{"rendered":"<p><img fetchpriority=\"high\" decoding=\"async\" class=\"\" src=\"https:\/\/img.freepik.com\/vector-premium\/sello-rojo-palabra-importada_545399-4136.jpg\" alt=\"Un sello rojo con la palabra importada | Vector Premium\" width=\"581\" height=\"387\" \/><\/p>\n","protected":false},"featured_media":7303,"template":"","meta":{"ocean_post_layout":"","ocean_both_sidebars_style":"","ocean_both_sidebars_content_width":0,"ocean_both_sidebars_sidebars_width":0,"ocean_sidebar":"","ocean_second_sidebar":"","ocean_disable_margins":"enable","ocean_add_body_class":"","ocean_shortcode_before_top_bar":"","ocean_shortcode_after_top_bar":"","ocean_shortcode_before_header":"","ocean_shortcode_after_header":"","ocean_has_shortcode":"","ocean_shortcode_after_title":"","ocean_shortcode_before_footer_widgets":"","ocean_shortcode_after_footer_widgets":"","ocean_shortcode_before_footer_bottom":"","ocean_shortcode_after_footer_bottom":"","ocean_display_top_bar":"default","ocean_display_header":"default","ocean_header_style":"","ocean_center_header_left_menu":"","ocean_custom_header_template":"","ocean_custom_logo":0,"ocean_custom_retina_logo":0,"ocean_custom_logo_max_width":0,"ocean_custom_logo_tablet_max_width":0,"ocean_custom_logo_mobile_max_width":0,"ocean_custom_logo_max_height":0,"ocean_custom_logo_tablet_max_height":0,"ocean_custom_logo_mobile_max_height":0,"ocean_header_custom_menu":"","ocean_menu_typo_font_family":"","ocean_menu_typo_font_subset":"","ocean_menu_typo_font_size":0,"ocean_menu_typo_font_size_tablet":0,"ocean_menu_typo_font_size_mobile":0,"ocean_menu_typo_font_size_unit":"px","ocean_menu_typo_font_weight":"","ocean_menu_typo_font_weight_tablet":"","ocean_menu_typo_font_weight_mobile":"","ocean_menu_typo_transform":"","ocean_menu_typo_transform_tablet":"","ocean_menu_typo_transform_mobile":"","ocean_menu_typo_line_height":0,"ocean_menu_typo_line_height_tablet":0,"ocean_menu_typo_line_height_mobile":0,"ocean_menu_typo_line_height_unit":"","ocean_menu_typo_spacing":0,"ocean_menu_typo_spacing_tablet":0,"ocean_menu_typo_spacing_mobile":0,"ocean_menu_typo_spacing_unit":"","ocean_menu_link_color":"","ocean_menu_link_color_hover":"","ocean_menu_link_color_active":"","ocean_menu_link_background":"","ocean_menu_link_hover_background":"","ocean_menu_link_active_background":"","ocean_menu_social_links_bg":"","ocean_menu_social_hover_links_bg":"","ocean_menu_social_links_color":"","ocean_menu_social_hover_links_color":"","ocean_disable_title":"default","ocean_disable_heading":"default","ocean_post_title":"","ocean_post_subheading":"","ocean_post_title_style":"","ocean_post_title_background_color":"","ocean_post_title_background":0,"ocean_post_title_bg_image_position":"","ocean_post_title_bg_image_attachment":"","ocean_post_title_bg_image_repeat":"","ocean_post_title_bg_image_size":"","ocean_post_title_height":0,"ocean_post_title_bg_overlay":0.5,"ocean_post_title_bg_overlay_color":"","ocean_disable_breadcrumbs":"default","ocean_breadcrumbs_color":"","ocean_breadcrumbs_separator_color":"","ocean_breadcrumbs_links_color":"","ocean_breadcrumbs_links_hover_color":"","ocean_display_footer_widgets":"default","ocean_display_footer_bottom":"default","ocean_custom_footer_template":""},"pwb-brand":[124],"product_brand":[],"product_cat":[66,126,125],"product_tag":[],"class_list":{"0":"post-7304","1":"product","2":"type-product","3":"status-publish","4":"has-post-thumbnail","6":"pwb-brand-venta-exclusiva","7":"product_cat-e-p-p","8":"product_cat-oferta-solo-web","9":"product_cat-venta-exclusiva","11":"entry","12":"has-media","14":"first","15":"instock","16":"sale","17":"shipping-taxable","18":"purchasable","19":"product-type-simple","20":"has-product-nav","21":"col","22":"span_1_of_3","23":"owp-content-center","24":"owp-thumbs-layout-horizontal","25":"owp-btn-normal","26":"owp-tabs-layout-horizontal"},"brands":[{"id":124,"name":"VENTA EXCLUSIVA","slug":"venta-exclusiva"}],"_links":{"self":[{"href":"https:\/\/trema.cl\/dental\/wp-json\/wp\/v2\/product\/7304","targetHints":{"allow":["GET"]}}],"collection":[{"href":"https:\/\/trema.cl\/dental\/wp-json\/wp\/v2\/product"}],"about":[{"href":"https:\/\/trema.cl\/dental\/wp-json\/wp\/v2\/types\/product"}],"version-history":[{"count":7,"href":"https:\/\/trema.cl\/dental\/wp-json\/wp\/v2\/product\/7304\/revisions"}],"predecessor-version":[{"id":17856,"href":"https:\/\/trema.cl\/dental\/wp-json\/wp\/v2\/product\/7304\/revisions\/17856"}],"wp:featuredmedia":[{"embeddable":true,"href":"https:\/\/trema.cl\/dental\/wp-json\/wp\/v2\/media\/7303"}],"wp:attachment":[{"href":"https:\/\/trema.cl\/dental\/wp-json\/wp\/v2\/media?parent=7304"}],"wp:term":[{"taxonomy":"pwb-brand","embeddable":true,"href":"https:\/\/trema.cl\/dental\/wp-json\/wp\/v2\/pwb-brand?post=7304"},{"taxonomy":"product_brand","embeddable":true,"href":"https:\/\/trema.cl\/dental\/wp-json\/wp\/v2\/product_brand?post=7304"},{"taxonomy":"product_cat","embeddable":true,"href":"https:\/\/trema.cl\/dental\/wp-json\/wp\/v2\/product_cat?post=7304"},{"taxonomy":"product_tag","embeddable":true,"href":"https:\/\/trema.cl\/dental\/wp-json\/wp\/v2\/product_tag?post=7304"}],"curies":[{"name":"wp","href":"https:\/\/api.w.org\/{rel}","templated":true}]}}