{"id":17572,"date":"2026-01-21T08:55:07","date_gmt":"2026-01-21T11:55:07","guid":{"rendered":"https:\/\/trema.cl\/dental\/?post_type=product&#038;p=17572"},"modified":"2026-03-05T14:45:28","modified_gmt":"2026-03-05T17:45:28","slug":"guante-examen-blanco-nitrilo-3-5-grs-sin-polvo-talla-l","status":"publish","type":"product","link":"https:\/\/trema.cl\/dental\/producto\/guante-examen-blanco-nitrilo-3-5-grs-sin-polvo-talla-l\/","title":{"rendered":"Guante Examen Blanco Nitrilo 3.5 Grs. Sin Polvo Talla L"},"content":{"rendered":"<p style=\"text-align: left\">Los guantes de nitrilo son una\u00a0<mark class=\"HxTRcb\" data-processed=\"true\">barrera protectora sint\u00e9tica hecha de caucho, conocida por su\u00a0<strong class=\"Yjhzub\" data-processed=\"true\">resistencia qu\u00edmica, biol\u00f3gica y a la abrasi\u00f3n<\/strong><\/mark>, siendo una alternativa popular al l\u00e1tex para personas al\u00e9rgicas, ofreciendo tacto, flexibilidad, y siendo vers\u00e1tiles para industrias m\u00e9dicas, alimentarias, automotrices y de limpieza, destacando su impermeabilidad y capacidad de interactuar con pantallas t\u00e1ctiles.<span class=\"uJ19be notranslate\" data-wiz-uids=\"iLFGmb_d\" data-processed=\"true\"><span class=\"vKEkVd\" data-animation-atomic=\"\" data-wiz-attrbind=\"class=iLFGmb_c\/TKHnVd\" data-processed=\"true\">\u00a0<\/span><\/span><\/p>\n<p style=\"text-align: left\"><strong class=\"Yjhzub\" data-processed=\"true\">Material:<\/strong>\u00a0Caucho sint\u00e9tico (<a class=\"GI370e\" href=\"https:\/\/www.google.com\/search?q=nitrilo&amp;sca_esv=3476d2a7e42c9128&amp;rlz=1C1ONGR_esCL1024CL1024&amp;aep=1&amp;biw=1920&amp;bih=919&amp;aic=0&amp;ei=qb1waZuiMs3L1sQPscqhyAg&amp;ved=2ahUKEwjsyMTvyJySAxVELkQIHeL6FxQQgK4QegQIBBAB&amp;uact=5&amp;oq=descripacion+guante+nitrilo&amp;gs_lp=Egxnd3Mtd2l6LXNlcnAiG2Rlc2NyaXBhY2lvbiBndWFudGUgbml0cmlsbzIFEAAY7wUyCBAAGIAEGKIEMggQABiABBiiBEiLLFCZCVinI3ABeAGQAQCYATqgAaEEqgECMTO4AQPIAQD4AQGYAg6gAuIEwgIKEAAYRxjWBBiwA8ICDRAAGIAEGIoFGEMYsAPCAgoQABiABBgNGLEDwgIHEAAYgAQYDcICCBAAGAgYBxgewgIKEAAYCBgHGB4YCsICCBAAGIkFGKIEmAMAiAYBkAYKkgcCMTSgB9E-sgcCMTO4B98EwgcFMS43LjbIByWACAE&amp;sclient=gws-wiz-serp\" data-ved=\"2ahUKEwjsyMTvyJySAxVELkQIHeL6FxQQgK4QegQIBBAB\" data-hveid=\"CAQQAQ\" data-processed=\"true\">nitrilo<\/a>)<\/p>\n<ul class=\"KsbFXc U6u95\" data-processed=\"true\">\n<li style=\"text-align: left\" data-hveid=\"CAQQAg\" data-processed=\"true\"><span class=\"T286Pc\" data-sfc-cp=\"\" data-processed=\"true\"><strong class=\"Yjhzub\" data-processed=\"true\">Protecci\u00f3n:<\/strong>\u00a0Excelente barrera contra productos qu\u00edmicos, fluidos corporales, bacterias y contaminantes.<\/span><\/li>\n<li style=\"text-align: left\" data-hveid=\"CAQQAw\" data-processed=\"true\"><span class=\"T286Pc\" data-sfc-cp=\"\" data-processed=\"true\"><strong class=\"Yjhzub\" data-processed=\"true\">Resistencia:<\/strong>\u00a0Alta durabilidad, resistencia a cortes, desgarros, grasas, y sustancias \u00e1cidas\/alcalinas leves.<\/span><\/li>\n<li style=\"text-align: left\" data-hveid=\"CAQQBA\" data-processed=\"true\"><span class=\"T286Pc\" data-sfc-cp=\"\" data-processed=\"true\"><strong class=\"Yjhzub\" data-processed=\"true\">Textura:<\/strong>\u00a0Pueden ser lisos o texturizados (como en forma de diamante) para un mejor agarre en superficies secas y mojadas.<\/span><\/li>\n<li style=\"text-align: left\" data-hveid=\"CAQQBQ\" data-processed=\"true\"><span class=\"T286Pc\" data-sfc-cp=\"\" data-processed=\"true\"><strong class=\"Yjhzub\" data-processed=\"true\">Comodidad:<\/strong>\u00a0Ambidiestros, suaves, sin polvo, con buen tacto y sensibilidad, y algunos modelos permiten uso en pantallas t\u00e1ctiles.<\/span><\/li>\n<\/ul>\n","protected":false},"excerpt":{"rendered":"<h1 style=\"text-align: center\"><img decoding=\"async\" class=\"alignleft\" src=\"https:\/\/trema.cl\/dental\/wp-content\/uploads\/2022\/06\/krems-logo-trema-dental-512.jpg\" alt=\"OPERATORIA \u2013 TREMA DENTAL CHILE\" width=\"162\" height=\"162\" \/>\u00a0 \u00a0 \u00a0<img fetchpriority=\"high\" decoding=\"async\" class=\"aligncenter\" src=\"https:\/\/t3.ftcdn.net\/jpg\/00\/50\/87\/66\/360_F_50876641_dElrzuRJC86AYM9T0INR2CjY8z1Rxl4R.jpg\" alt=\"Oferta Especial Images \u2013 Browse 1,630 Stock Photos, Vectors, and Video | Adobe Stock\" width=\"341\" height=\"227\" \/><\/h1>\n<p>&nbsp;<\/p>\n<p><img decoding=\"async\" class=\"aligncenter\" src=\"https:\/\/trema.cl\/dental\/wp-content\/uploads\/2026\/01\/000000000000000000000000000000000000000000000000000000000000000000000000000000000000000000000000000000000000000000000000000000-1-300x76.png\" \/><\/p>\n","protected":false},"featured_media":17573,"template":"","meta":{"ocean_post_layout":"","ocean_both_sidebars_style":"","ocean_both_sidebars_content_width":0,"ocean_both_sidebars_sidebars_width":0,"ocean_sidebar":"","ocean_second_sidebar":"","ocean_disable_margins":"enable","ocean_add_body_class":"","ocean_shortcode_before_top_bar":"","ocean_shortcode_after_top_bar":"","ocean_shortcode_before_header":"","ocean_shortcode_after_header":"","ocean_has_shortcode":"","ocean_shortcode_after_title":"","ocean_shortcode_before_footer_widgets":"","ocean_shortcode_after_footer_widgets":"","ocean_shortcode_before_footer_bottom":"","ocean_shortcode_after_footer_bottom":"","ocean_display_top_bar":"default","ocean_display_header":"default","ocean_header_style":"","ocean_center_header_left_menu":"","ocean_custom_header_template":"","ocean_custom_logo":0,"ocean_custom_retina_logo":0,"ocean_custom_logo_max_width":0,"ocean_custom_logo_tablet_max_width":0,"ocean_custom_logo_mobile_max_width":0,"ocean_custom_logo_max_height":0,"ocean_custom_logo_tablet_max_height":0,"ocean_custom_logo_mobile_max_height":0,"ocean_header_custom_menu":"","ocean_menu_typo_font_family":"","ocean_menu_typo_font_subset":"","ocean_menu_typo_font_size":0,"ocean_menu_typo_font_size_tablet":0,"ocean_menu_typo_font_size_mobile":0,"ocean_menu_typo_font_size_unit":"px","ocean_menu_typo_font_weight":"","ocean_menu_typo_font_weight_tablet":"","ocean_menu_typo_font_weight_mobile":"","ocean_menu_typo_transform":"","ocean_menu_typo_transform_tablet":"","ocean_menu_typo_transform_mobile":"","ocean_menu_typo_line_height":0,"ocean_menu_typo_line_height_tablet":0,"ocean_menu_typo_line_height_mobile":0,"ocean_menu_typo_line_height_unit":"","ocean_menu_typo_spacing":0,"ocean_menu_typo_spacing_tablet":0,"ocean_menu_typo_spacing_mobile":0,"ocean_menu_typo_spacing_unit":"","ocean_menu_link_color":"","ocean_menu_link_color_hover":"","ocean_menu_link_color_active":"","ocean_menu_link_background":"","ocean_menu_link_hover_background":"","ocean_menu_link_active_background":"","ocean_menu_social_links_bg":"","ocean_menu_social_hover_links_bg":"","ocean_menu_social_links_color":"","ocean_menu_social_hover_links_color":"","ocean_disable_title":"default","ocean_disable_heading":"default","ocean_post_title":"","ocean_post_subheading":"","ocean_post_title_style":"","ocean_post_title_background_color":"","ocean_post_title_background":0,"ocean_post_title_bg_image_position":"","ocean_post_title_bg_image_attachment":"","ocean_post_title_bg_image_repeat":"","ocean_post_title_bg_image_size":"","ocean_post_title_height":0,"ocean_post_title_bg_overlay":0.5,"ocean_post_title_bg_overlay_color":"","ocean_disable_breadcrumbs":"default","ocean_breadcrumbs_color":"","ocean_breadcrumbs_separator_color":"","ocean_breadcrumbs_links_color":"","ocean_breadcrumbs_links_hover_color":"","ocean_display_footer_widgets":"default","ocean_display_footer_bottom":"default","ocean_custom_footer_template":""},"pwb-brand":[124],"product_brand":[],"product_cat":[45,126],"product_tag":[],"class_list":{"0":"post-17572","1":"product","2":"type-product","3":"status-publish","4":"has-post-thumbnail","6":"pwb-brand-venta-exclusiva","7":"product_cat-desechables","8":"product_cat-oferta-solo-web","10":"entry","11":"has-media","13":"first","14":"instock","15":"sale","16":"shipping-taxable","17":"purchasable","18":"product-type-simple","19":"has-product-nav","20":"col","21":"span_1_of_3","22":"owp-content-center","23":"owp-thumbs-layout-horizontal","24":"owp-btn-normal","25":"owp-tabs-layout-horizontal","26":"has-no-thumbnails"},"brands":[{"id":124,"name":"VENTA EXCLUSIVA","slug":"venta-exclusiva"}],"_links":{"self":[{"href":"https:\/\/trema.cl\/dental\/wp-json\/wp\/v2\/product\/17572","targetHints":{"allow":["GET"]}}],"collection":[{"href":"https:\/\/trema.cl\/dental\/wp-json\/wp\/v2\/product"}],"about":[{"href":"https:\/\/trema.cl\/dental\/wp-json\/wp\/v2\/types\/product"}],"version-history":[{"count":4,"href":"https:\/\/trema.cl\/dental\/wp-json\/wp\/v2\/product\/17572\/revisions"}],"predecessor-version":[{"id":17647,"href":"https:\/\/trema.cl\/dental\/wp-json\/wp\/v2\/product\/17572\/revisions\/17647"}],"wp:featuredmedia":[{"embeddable":true,"href":"https:\/\/trema.cl\/dental\/wp-json\/wp\/v2\/media\/17573"}],"wp:attachment":[{"href":"https:\/\/trema.cl\/dental\/wp-json\/wp\/v2\/media?parent=17572"}],"wp:term":[{"taxonomy":"pwb-brand","embeddable":true,"href":"https:\/\/trema.cl\/dental\/wp-json\/wp\/v2\/pwb-brand?post=17572"},{"taxonomy":"product_brand","embeddable":true,"href":"https:\/\/trema.cl\/dental\/wp-json\/wp\/v2\/product_brand?post=17572"},{"taxonomy":"product_cat","embeddable":true,"href":"https:\/\/trema.cl\/dental\/wp-json\/wp\/v2\/product_cat?post=17572"},{"taxonomy":"product_tag","embeddable":true,"href":"https:\/\/trema.cl\/dental\/wp-json\/wp\/v2\/product_tag?post=17572"}],"curies":[{"name":"wp","href":"https:\/\/api.w.org\/{rel}","templated":true}]}}