{"id":15713,"date":"2024-11-27T13:54:30","date_gmt":"2024-11-27T16:54:30","guid":{"rendered":"https:\/\/trema.cl\/dental\/?post_type=product&#038;p=15713"},"modified":"2024-11-27T13:54:30","modified_gmt":"2024-11-27T16:54:30","slug":"kelen-cloruro-de-etilo-en-spray-de-100-ml","status":"publish","type":"product","link":"https:\/\/trema.cl\/dental\/producto\/kelen-cloruro-de-etilo-en-spray-de-100-ml\/","title":{"rendered":"kelen Cloruro de Etilo en Spray de 100 ml"},"content":{"rendered":"<div class=\"contentBody\">\n<h3 style=\"text-align: left\" data-resource-type=\"Section\" data-resource-id=\"90369011\">Propiedades farmacol\u00f3gicas<\/h3>\n<\/div>\n<div class=\"contentBody\" style=\"text-align: left\">\n<p class=\"para\" data-resource-type=\"Section\" data-resource-id=\"90369012\">El cloruro de etilo es un gas que, cuando se comprime ligeramente a la presi\u00f3n y temperatura ambiente, se condensa en un l\u00edquido incoloro, vol\u00e1til, inflamable, explosivo y de olor a \u00e9ter. Por su r\u00e1pida evaporaci\u00f3n y alta volatilidad, cuando se aplica sobre la piel baja la temperatura a -20\u00b0C, por lo que produce insensibilidad de las terminaciones nerviosas y anestesia local por enfriamiento. Su efecto se inicia en 0.5 a 2 min y persiste por unos 30 s. Cuando se aplica en forma local sobre la piel no se absorbe, pero s\u00ed lo hace f\u00e1cilmente a trav\u00e9s de las v\u00edas pulmonares.<\/p>\n<\/div>\n<div class=\"contentBody\" style=\"text-align: left\">\n<h3 data-resource-type=\"Section\" data-resource-id=\"90369013\">Indicaciones<\/h3>\n<\/div>\n<div class=\"contentBody\" style=\"text-align: left\">\n<p class=\"para\" data-resource-type=\"Section\" data-resource-id=\"90369014\">Anestesia local en procedimientos quir\u00fargicos menores y para el alivio del dolor causado por picadura de insectos o quemaduras menores, esguinces o contusiones superficiales.<\/p>\n<\/div>\n<div class=\"contentBody\" style=\"text-align: left\">\n<h3 data-resource-type=\"Section\" data-resource-id=\"90369015\">Contraindicaciones y precauciones<\/h3>\n<\/div>\n<div class=\"contentBody\" style=\"text-align: left\">\n<p class=\"para\" data-resource-type=\"Section\" data-resource-id=\"90369016\">Contraindicado en casos de hipersensibilidad al cloruro de etilo; su aplicaci\u00f3n tambi\u00e9n est\u00e1 contraindicada cerca de los ojos, en las membranas mucosas y en las heridas. No debe inhalarse. Su uso repetido puede da\u00f1ar la piel. Su inhalaci\u00f3n produce efectos generalizados graves. Es un l\u00edquido altamente inflamable y explosivo, y no debe manejarse cerca de alguna flama. No se han informado interacciones medicamentosas.<\/p>\n<\/div>\n<div class=\"contentBody\" style=\"text-align: left\">\n<h3 data-resource-type=\"Section\" data-resource-id=\"90369017\">Reacciones adversas<\/h3>\n<\/div>\n<div class=\"contentBody\" style=\"text-align: left\">\n<p class=\"para\" data-resource-type=\"Section\" data-resource-id=\"90369018\">Ardor, inflamaci\u00f3n local, enrojecimiento, endurecimiento de la piel, comez\u00f3n, erupci\u00f3n cut\u00e1nea, pigmentaci\u00f3n de la piel. Con el uso repetido causa dolor, espasmo muscular, necrosis tisular. Cuando se inhala puede producir depresi\u00f3n cardiovascular intensa, confusi\u00f3n, ataxia, alucinaciones, v\u00f3mito, laringospasmo.<\/p>\n<\/div>\n<div class=\"contentBody\" style=\"text-align: left\">\n<h3 data-resource-type=\"Section\" data-resource-id=\"90369019\">Advertencias para el paciente<\/h3>\n<\/div>\n<div class=\"contentBody\">\n<p class=\"para\" style=\"text-align: left\" data-resource-type=\"Section\" data-resource-id=\"90369020\">Produce adormecimiento de la piel donde se aplica. Proteger la piel adyacente con vaselina. No usarlo en presencia de una flama abierta o de un cauterio electr\u00f3nico.<\/p>\n<\/div>\n","protected":false},"excerpt":{"rendered":"<h3>Cloruro de Etilo en Spray<\/h3>\n<h3>Unidad : Botella de 100 ml<\/h3>\n<p><img decoding=\"async\" class=\"\" src=\"https:\/\/www.kekelit.com\/var\/site\/storage\/images\/_aliases\/brand\/4\/5\/7\/6\/1126754-2-ger-DE\/KELEN.png\" alt=\"KELEN - KE KELIT International\" width=\"163\" height=\"53\" \/><\/p>\n","protected":false},"featured_media":15714,"template":"","meta":{"ocean_post_layout":"","ocean_both_sidebars_style":"","ocean_both_sidebars_content_width":0,"ocean_both_sidebars_sidebars_width":0,"ocean_sidebar":"","ocean_second_sidebar":"","ocean_disable_margins":"enable","ocean_add_body_class":"","ocean_shortcode_before_top_bar":"","ocean_shortcode_after_top_bar":"","ocean_shortcode_before_header":"","ocean_shortcode_after_header":"","ocean_has_shortcode":"","ocean_shortcode_after_title":"","ocean_shortcode_before_footer_widgets":"","ocean_shortcode_after_footer_widgets":"","ocean_shortcode_before_footer_bottom":"","ocean_shortcode_after_footer_bottom":"","ocean_display_top_bar":"default","ocean_display_header":"default","ocean_header_style":"","ocean_center_header_left_menu":"","ocean_custom_header_template":"","ocean_custom_logo":0,"ocean_custom_retina_logo":0,"ocean_custom_logo_max_width":0,"ocean_custom_logo_tablet_max_width":0,"ocean_custom_logo_mobile_max_width":0,"ocean_custom_logo_max_height":0,"ocean_custom_logo_tablet_max_height":0,"ocean_custom_logo_mobile_max_height":0,"ocean_header_custom_menu":"","ocean_menu_typo_font_family":"","ocean_menu_typo_font_subset":"","ocean_menu_typo_font_size":0,"ocean_menu_typo_font_size_tablet":0,"ocean_menu_typo_font_size_mobile":0,"ocean_menu_typo_font_size_unit":"px","ocean_menu_typo_font_weight":"","ocean_menu_typo_font_weight_tablet":"","ocean_menu_typo_font_weight_mobile":"","ocean_menu_typo_transform":"","ocean_menu_typo_transform_tablet":"","ocean_menu_typo_transform_mobile":"","ocean_menu_typo_line_height":0,"ocean_menu_typo_line_height_tablet":0,"ocean_menu_typo_line_height_mobile":0,"ocean_menu_typo_line_height_unit":"","ocean_menu_typo_spacing":0,"ocean_menu_typo_spacing_tablet":0,"ocean_menu_typo_spacing_mobile":0,"ocean_menu_typo_spacing_unit":"","ocean_menu_link_color":"","ocean_menu_link_color_hover":"","ocean_menu_link_color_active":"","ocean_menu_link_background":"","ocean_menu_link_hover_background":"","ocean_menu_link_active_background":"","ocean_menu_social_links_bg":"","ocean_menu_social_hover_links_bg":"","ocean_menu_social_links_color":"","ocean_menu_social_hover_links_color":"","ocean_disable_title":"default","ocean_disable_heading":"default","ocean_post_title":"","ocean_post_subheading":"","ocean_post_title_style":"","ocean_post_title_background_color":"","ocean_post_title_background":0,"ocean_post_title_bg_image_position":"","ocean_post_title_bg_image_attachment":"","ocean_post_title_bg_image_repeat":"","ocean_post_title_bg_image_size":"","ocean_post_title_height":0,"ocean_post_title_bg_overlay":0.5,"ocean_post_title_bg_overlay_color":"","ocean_disable_breadcrumbs":"default","ocean_breadcrumbs_color":"","ocean_breadcrumbs_separator_color":"","ocean_breadcrumbs_links_color":"","ocean_breadcrumbs_links_hover_color":"","ocean_display_footer_widgets":"default","ocean_display_footer_bottom":"default","ocean_custom_footer_template":""},"pwb-brand":[],"product_brand":[],"product_cat":[65,111],"product_tag":[],"class_list":{"0":"post-15713","1":"product","2":"type-product","3":"status-publish","4":"has-post-thumbnail","6":"product_cat-anestesias","7":"product_cat-topicos","9":"entry","10":"has-media","12":"first","13":"instock","14":"shipping-taxable","15":"purchasable","16":"product-type-simple","17":"has-product-nav","18":"col","19":"span_1_of_3","20":"owp-content-center","21":"owp-thumbs-layout-horizontal","22":"owp-btn-normal","23":"owp-tabs-layout-horizontal","24":"has-no-thumbnails"},"brands":[],"_links":{"self":[{"href":"https:\/\/trema.cl\/dental\/wp-json\/wp\/v2\/product\/15713","targetHints":{"allow":["GET"]}}],"collection":[{"href":"https:\/\/trema.cl\/dental\/wp-json\/wp\/v2\/product"}],"about":[{"href":"https:\/\/trema.cl\/dental\/wp-json\/wp\/v2\/types\/product"}],"version-history":[{"count":1,"href":"https:\/\/trema.cl\/dental\/wp-json\/wp\/v2\/product\/15713\/revisions"}],"predecessor-version":[{"id":15715,"href":"https:\/\/trema.cl\/dental\/wp-json\/wp\/v2\/product\/15713\/revisions\/15715"}],"wp:featuredmedia":[{"embeddable":true,"href":"https:\/\/trema.cl\/dental\/wp-json\/wp\/v2\/media\/15714"}],"wp:attachment":[{"href":"https:\/\/trema.cl\/dental\/wp-json\/wp\/v2\/media?parent=15713"}],"wp:term":[{"taxonomy":"pwb-brand","embeddable":true,"href":"https:\/\/trema.cl\/dental\/wp-json\/wp\/v2\/pwb-brand?post=15713"},{"taxonomy":"product_brand","embeddable":true,"href":"https:\/\/trema.cl\/dental\/wp-json\/wp\/v2\/product_brand?post=15713"},{"taxonomy":"product_cat","embeddable":true,"href":"https:\/\/trema.cl\/dental\/wp-json\/wp\/v2\/product_cat?post=15713"},{"taxonomy":"product_tag","embeddable":true,"href":"https:\/\/trema.cl\/dental\/wp-json\/wp\/v2\/product_tag?post=15713"}],"curies":[{"name":"wp","href":"https:\/\/api.w.org\/{rel}","templated":true}]}}