{"id":15672,"date":"2024-11-26T16:01:03","date_gmt":"2024-11-26T19:01:03","guid":{"rendered":"https:\/\/trema.cl\/dental\/?post_type=product&#038;p=15672"},"modified":"2026-04-10T16:02:44","modified_gmt":"2026-04-10T19:02:44","slug":"formocresol-frasco-10-ml-maquira","status":"publish","type":"product","link":"https:\/\/trema.cl\/dental\/producto\/formocresol-frasco-10-ml-maquira\/","title":{"rendered":"Formocresol Frasco 10 ml &#8211; MAQUIRA"},"content":{"rendered":"<p style=\"text-align: left\"><strong>Indicaciones de uso<\/strong><br \/>\nFormocresol est\u00e1 indicado para la terapia pulpar de dientes temporales y en algunos casos espec\u00edficos de dientes permanentes.<\/p>\n<p style=\"text-align: left\"><strong>Modo de uso<\/strong><\/p>\n<ol>\n<li style=\"text-align: left\">Anestesiar y realizar aislamiento absoluto del diente.<\/li>\n<li style=\"text-align: left\">Retirar todo el tejido cariado.<\/li>\n<li style=\"text-align: left\">Retirar el techo de la c\u00e1mara pulpar, teniendo cuidado de evitar la trepanaci\u00f3n de la bifurcaci\u00f3n de los molares.<\/li>\n<li style=\"text-align: left\">Realizar una pulpotom\u00eda (extracci\u00f3n de la pulpa coronal).<\/li>\n<li style=\"text-align: left\">Realizar la hemostasia y lave la c\u00e1mara pulpar con detergente y humectante.<\/li>\n<li style=\"text-align: left\">Aplicar un algod\u00f3n con formocresol (sin exceso) sobre los mu\u00f1ones pulpares<br \/>\ndurante 5 a 7 minutos para favorecer la hemostasia.<\/li>\n<li style=\"text-align: left\">Retirar el algod\u00f3n y colocar una capa de \u00f3xido de zinc y eugenol y otra de fosfato de zinc.<\/li>\n<li style=\"text-align: left\">Restaurar con amalgama o corona de acero.<\/li>\n<\/ol>\n","protected":false},"excerpt":{"rendered":"<h3>Formocresol<\/h3>\n<h3>Unidad : Frasco 10 ml<\/h3>\n<p><img decoding=\"async\" class=\"\" src=\"https:\/\/dentalpluschile.cl\/img\/m\/37.jpg\" alt=\"Restaurador Temporal Fotocurable Applic A3 2 Jer. 2 grs. Maquira\" width=\"250\" height=\"96\" \/><\/p>\n<p>&nbsp;<\/p>\n","protected":false},"featured_media":15673,"template":"","meta":{"ocean_post_layout":"","ocean_both_sidebars_style":"","ocean_both_sidebars_content_width":0,"ocean_both_sidebars_sidebars_width":0,"ocean_sidebar":"","ocean_second_sidebar":"","ocean_disable_margins":"enable","ocean_add_body_class":"","ocean_shortcode_before_top_bar":"","ocean_shortcode_after_top_bar":"","ocean_shortcode_before_header":"","ocean_shortcode_after_header":"","ocean_has_shortcode":"","ocean_shortcode_after_title":"","ocean_shortcode_before_footer_widgets":"","ocean_shortcode_after_footer_widgets":"","ocean_shortcode_before_footer_bottom":"","ocean_shortcode_after_footer_bottom":"","ocean_display_top_bar":"default","ocean_display_header":"default","ocean_header_style":"","ocean_center_header_left_menu":"","ocean_custom_header_template":"","ocean_custom_logo":0,"ocean_custom_retina_logo":0,"ocean_custom_logo_max_width":0,"ocean_custom_logo_tablet_max_width":0,"ocean_custom_logo_mobile_max_width":0,"ocean_custom_logo_max_height":0,"ocean_custom_logo_tablet_max_height":0,"ocean_custom_logo_mobile_max_height":0,"ocean_header_custom_menu":"","ocean_menu_typo_font_family":"","ocean_menu_typo_font_subset":"","ocean_menu_typo_font_size":0,"ocean_menu_typo_font_size_tablet":0,"ocean_menu_typo_font_size_mobile":0,"ocean_menu_typo_font_size_unit":"px","ocean_menu_typo_font_weight":"","ocean_menu_typo_font_weight_tablet":"","ocean_menu_typo_font_weight_mobile":"","ocean_menu_typo_transform":"","ocean_menu_typo_transform_tablet":"","ocean_menu_typo_transform_mobile":"","ocean_menu_typo_line_height":0,"ocean_menu_typo_line_height_tablet":0,"ocean_menu_typo_line_height_mobile":0,"ocean_menu_typo_line_height_unit":"","ocean_menu_typo_spacing":0,"ocean_menu_typo_spacing_tablet":0,"ocean_menu_typo_spacing_mobile":0,"ocean_menu_typo_spacing_unit":"","ocean_menu_link_color":"","ocean_menu_link_color_hover":"","ocean_menu_link_color_active":"","ocean_menu_link_background":"","ocean_menu_link_hover_background":"","ocean_menu_link_active_background":"","ocean_menu_social_links_bg":"","ocean_menu_social_hover_links_bg":"","ocean_menu_social_links_color":"","ocean_menu_social_hover_links_color":"","ocean_disable_title":"default","ocean_disable_heading":"default","ocean_post_title":"","ocean_post_subheading":"","ocean_post_title_style":"","ocean_post_title_background_color":"","ocean_post_title_background":0,"ocean_post_title_bg_image_position":"","ocean_post_title_bg_image_attachment":"","ocean_post_title_bg_image_repeat":"","ocean_post_title_bg_image_size":"","ocean_post_title_height":0,"ocean_post_title_bg_overlay":0.5,"ocean_post_title_bg_overlay_color":"","ocean_disable_breadcrumbs":"default","ocean_breadcrumbs_color":"","ocean_breadcrumbs_separator_color":"","ocean_breadcrumbs_links_color":"","ocean_breadcrumbs_links_hover_color":"","ocean_display_footer_widgets":"default","ocean_display_footer_bottom":"default","ocean_custom_footer_template":""},"pwb-brand":[41],"product_brand":[],"product_cat":[46],"product_tag":[],"class_list":{"0":"post-15672","1":"product","2":"type-product","3":"status-publish","4":"has-post-thumbnail","6":"pwb-brand-maquira","7":"product_cat-endodoncia","9":"entry","10":"has-media","12":"first","13":"instock","14":"shipping-taxable","15":"purchasable","16":"product-type-simple","17":"has-product-nav","18":"col","19":"span_1_of_3","20":"owp-content-center","21":"owp-thumbs-layout-horizontal","22":"owp-btn-normal","23":"owp-tabs-layout-horizontal","24":"has-no-thumbnails"},"brands":[{"id":41,"name":"MAQUIRA","slug":"maquira"}],"_links":{"self":[{"href":"https:\/\/trema.cl\/dental\/wp-json\/wp\/v2\/product\/15672","targetHints":{"allow":["GET"]}}],"collection":[{"href":"https:\/\/trema.cl\/dental\/wp-json\/wp\/v2\/product"}],"about":[{"href":"https:\/\/trema.cl\/dental\/wp-json\/wp\/v2\/types\/product"}],"version-history":[{"count":1,"href":"https:\/\/trema.cl\/dental\/wp-json\/wp\/v2\/product\/15672\/revisions"}],"predecessor-version":[{"id":15674,"href":"https:\/\/trema.cl\/dental\/wp-json\/wp\/v2\/product\/15672\/revisions\/15674"}],"wp:featuredmedia":[{"embeddable":true,"href":"https:\/\/trema.cl\/dental\/wp-json\/wp\/v2\/media\/15673"}],"wp:attachment":[{"href":"https:\/\/trema.cl\/dental\/wp-json\/wp\/v2\/media?parent=15672"}],"wp:term":[{"taxonomy":"pwb-brand","embeddable":true,"href":"https:\/\/trema.cl\/dental\/wp-json\/wp\/v2\/pwb-brand?post=15672"},{"taxonomy":"product_brand","embeddable":true,"href":"https:\/\/trema.cl\/dental\/wp-json\/wp\/v2\/product_brand?post=15672"},{"taxonomy":"product_cat","embeddable":true,"href":"https:\/\/trema.cl\/dental\/wp-json\/wp\/v2\/product_cat?post=15672"},{"taxonomy":"product_tag","embeddable":true,"href":"https:\/\/trema.cl\/dental\/wp-json\/wp\/v2\/product_tag?post=15672"}],"curies":[{"name":"wp","href":"https:\/\/api.w.org\/{rel}","templated":true}]}}